e ten millions digit of 362203763?
6
What is the ten thousands digit of 614248570?
4
What is the hundred millions digit of 904420309?
9
What is the units digit of 111077210?
0
What is the units digit of 216746322?
2
What is the ten millions digit of 155186879?
5
What is the thousands digit of 19564111?
4
What is the units digit of 516549504?
4
What is the billions digit of 4483584572?
4
What is the millions digit of 130845840?
0
What is the thousands digit of 3560368585?
8
What is the hundred thousands digit of 362969063?
9
What is the hundreds digit of 68092611?
6
What is the thousands digit of 513154239?
4
What is the thousands digit of 691631150?
1
What is the ten thousands digit of 1317098034?
9
What is the thousands digit of 515084914?
4
What is the hundreds digit of 18171777?
7
What is the units digit of 353782487?
7
What is the billions digit of 4750655704?
4
What is the millions digit of 1875063361?
5
What is the ten millions digit of 396862477?
9
What is the hundred thousands digit of 12946052?
9
What is the hundreds digit of 47742823?
8
What is the tens digit of 60386476?
7
What is the hundreds digit of 20865?
8
What is the ten millions digit of 4856853355?
5
What is the billions digit of 4333736685?
4
What is the units digit of 409776392?
2
What is the thousands digit of 611116921?
6
What is the tens digit of 310626911?
1
What is the thousands digit of 211943005?
3
What is the ten millions digit of 133323553?
3
What is the hundred millions digit of 4956872924?
9
What is the tens digit of 177843352?
5
What is the tens digit of 292354404?
0
What is the ten thousands digit of 431555557?
5
What is the hundred thousands digit of 1903212454?
2
What is the units digit of 6230541?
1
What is the units digit of 216136895?
5
What is the millions digit of 80414298?
0
What is the billions digit of 2520518848?
2
What is the hundreds digit of 303465549?
5
What is the thousands digit of 67383834?
3
What is the millions digit of 571750189?
1
What is the hundred thousands digit of 396267663?
2
What is the thousands digit of 44230924?
0
What is the units digit of 881335246?
6
What is the hundred thousands digit of 137973474?
9
What is the millions digit of 520332595?
0
What is the tens digit of 7228046655?
5
What is the ten millions digit of 44421077?
4
What is the ten millions digit of 921523744?
2
What is the ten thousands digit of 198506107?
0
What is the hundred thousands digit of 27678121?
6
What is the millions digit of 385076036?
5
What is the units digit of 444630241?
1
What is the ten thousands digit of 79218178?
1
What is the tens digit of 1158402081?
8
What is the ten thousands digit of 620360007?
6
What is the ten millions digit of 1920554380?
2
What is the tens digit of 1126178019?
1
What is the thousands digit of 1972279812?
9
What is the hundred thousands digit of 181788741?
7
What is the hundred millions digit of 293488348?
2
What is the hundreds digit of 18971671?
6
What is the billions digit of 1153638616?
1
What is the hundred thousands digit of 620606329?
6
What is the tens digit of 118506106?
0
What is the thousands digit of 389600937?
0
What is the ten millions digit of 3405052349?
0
What is the ten millions digit of 2197996307?
9
What is the tens digit of 11041736?
3
What is the tens digit of 502207168?
6
What is the tens digit of 155433991?
9
What is the hundreds digit of 768286517?
5
What is the ten thousands digit of 21281500?
8
What is the hundred thousands digit of 66686882?
6
What is the millions digit of 305325058?
5
What is the millions digit of 37577925?
7
What is the hundred millions digit of 9346711473?
3
What is the units digit of 994851498?
8
What is the ten millions digit of 355443709?
5
What is the units digit of 1705383869?
9
What is the units digit of 138523956?
6
What is the units digit of 2176164?
4
What is the tens digit of 996793522?
2
What is the ten millions digit of 298706005?
9
What is the billions digit of 1524264410?
1
What is the tens digit of 1834415601?
0
What is the ten thousands digit of 332789807?
8
What is the units digit of 289345343?
3
What is the ten thousands digit of 508941?
0
What is the ten thousands digit of 1475124305?
2
What is the millions digit of 3648865?
3
What is the hundred thousands digit of 236558329?
5
What is the ten thousands digit of 223067904?
6
What is the millions digit of 69551826?
9
What is the units digit of 310876763?
3
What is the hundred millions digit of 381113034?
3
What is the hundred millions digit of 196304299?
1
What is the hundred millions digit of 9025708004?
0
What is the tens digit of 26440443?
4
What is the hundred thousands digit of 58358114?
3
What is the millions digit of 95330068?
5
What is the billions digit of 1216280647?
1
What is the hundred thousands digit of 39705596?
7
What is the ten millions digit of 60100007?
6
What is the ten thousands digit of 890574791?
7
What is the ten thousands digit of 115565823?
6
What is the thousands digit of 1392482?
2
What is the ten thousands digit of 156830789?
3
What is the ten thousands digit of 59280145?
8
What is the ten thousands digit of 165702471?
0
What is the hundreds digit of 382813517?
5
What is the hundreds digit of 4724411763?
7
What is the hundreds digit of 254661926?
9
What is the thousands digit of 1701366394?
6
What is the ten millions digit of 33298128?
3
What is the ten millions digit of 47239604?
4
What is the hundreds digit of 792300499?
4
What is the tens digit of 6360733?
3
What is the thousands digit of 22834873?
4
What is the hundred thousands digit of 820958094?
9
What is the ten millions digit of 198951495?
9
What is the units digit of 19994922?
2
What is the tens digit of 276520424?
2
What is the ten thousands digit of 689109256?
0
What is the hundred thousands digit of 263490848?
4
What is the millions digit of 104126307?
4
What is the hundred millions digit of 3792825632?
7
What is the millions digit of 422168234?
2
What is the hundreds digit of 5397710?
7
What is the units digit of 2616415460?
0
What is the hundred thousands digit of 36143545?
1
What is the millions digit of 173216518?
3
What is the hundred thousands digit of 2660809520?
8
What is the millions digit of 1379287828?
9
What is the millions digit of 124741329?
4
What is the hundred millions digit of 4541641716?
5
What is the ten thousands digit of 2851131?
5
What is the ten millions digit of 369580721?
6
What is the hundreds digit of 3405202238?
2
What is the tens digit of 92201590?
9
What is the millions digit of 50584799?
0
What is the ten millions digit of 2682910546?
8
What is the tens digit of 2453802740?
4
What is the hundred thousands digit of 33044740?
0
What is the units digit of 50455056?
6
What is the hundred thousands digit of 68618722?
6
What is the hundreds digit of 53977148?
1
What is the units digit of 145197471?
1
What is the billions digit of 3684569438?
3
What is the hundred thousands digit of 153783543?
7
What is the units digit of 201446601?
1
What is the tens digit of 178858856?
5
What is the hundred millions digit of 191948411?
1
What is the hundred thousands digit of 2138929?
1
What is the billions digit of 4925980667?
4
What is the millions digit of 117002739?
7
What is the thousands digit of 14644288?
4
What is the ten thousands digit of 146832786?
3
What is the billions digit of 1517263910?
1
What is the millions digit of 1865294341?
5
What is the hundreds digit of 181948036?
0
What is the millions digit of 282651449?
2
What is the hundreds digit of 75476748?
7
What is the hundreds digit of 75872197?
1
What is the ten millions digit of 715154862?
1
What is the thousands digit of 4242522720?
2
What is the millions digit of 6258856?
6
What is the tens digit of 216016398?
9
What is the ten millions digit of 173883230?
7
What is the hundred millions digit of 475273138?
4
What is the hundreds digit of 152220119?
1
What is the units digit of 242150617?
7
What is the ten thousands digit of 819369907?
6
What is the tens digit of 196105111?
1
What is the thousands digit of 48629651?
9
What is the ten thousands digit of 180630602?
3
What is the hundreds digit of 1282597731?
7
What is the ten thousands digit of 48031047?
3
What is the tens digit of 127403304?
0
What is the tens digit of 606263391